{"id":533,"date":"2020-11-28T09:29:23","date_gmt":"2020-11-28T09:29:23","guid":{"rendered":"https:\/\/meine-mietgarage.at\/?page_id=533"},"modified":"2021-02-03T12:40:13","modified_gmt":"2021-02-03T12:40:13","slug":"impressum","status":"publish","type":"page","link":"https:\/\/meine-mietgarage.at\/index.php\/impressum\/","title":{"rendered":"Impressum"},"content":{"rendered":"\t\t<div data-elementor-type=\"wp-page\" data-elementor-id=\"533\" class=\"elementor elementor-533\" data-elementor-post-type=\"page\">\n\t\t\t\t\t\t<section class=\"elementor-section elementor-top-section elementor-element elementor-element-26140ca0 elementor-section-boxed elementor-section-height-default elementor-section-height-default\" data-id=\"26140ca0\" data-element_type=\"section\" data-e-type=\"section\">\n\t\t\t\t\t\t<div class=\"elementor-container elementor-column-gap-default\">\n\t\t\t\t\t<div class=\"elementor-column elementor-col-100 elementor-top-column elementor-element elementor-element-fb2d104\" data-id=\"fb2d104\" data-element_type=\"column\" data-e-type=\"column\">\n\t\t\t<div class=\"elementor-widget-wrap elementor-element-populated\">\n\t\t\t\t\t\t<div class=\"elementor-element elementor-element-d6ed922 elementor-widget elementor-widget-heading\" data-id=\"d6ed922\" data-element_type=\"widget\" data-e-type=\"widget\" data-widget_type=\"heading.default\">\n\t\t\t\t<div class=\"elementor-widget-container\">\n\t\t\t\t\t<h2 class=\"elementor-heading-title elementor-size-default\">Impressum<\/h2>\t\t\t\t<\/div>\n\t\t\t\t<\/div>\n\t\t\t\t<section class=\"elementor-section elementor-inner-section elementor-element elementor-element-18f7d95 elementor-section-boxed elementor-section-height-default elementor-section-height-default\" data-id=\"18f7d95\" data-element_type=\"section\" data-e-type=\"section\">\n\t\t\t\t\t\t<div class=\"elementor-container elementor-column-gap-default\">\n\t\t\t\t\t<div class=\"elementor-column elementor-col-50 elementor-inner-column elementor-element elementor-element-b3b8bde\" data-id=\"b3b8bde\" data-element_type=\"column\" data-e-type=\"column\">\n\t\t\t<div class=\"elementor-widget-wrap elementor-element-populated\">\n\t\t\t\t\t\t<div class=\"elementor-element elementor-element-282941b elementor-widget elementor-widget-text-editor\" data-id=\"282941b\" data-element_type=\"widget\" data-e-type=\"widget\" data-widget_type=\"text-editor.default\">\n\t\t\t\t<div class=\"elementor-widget-container\">\n\t\t\t\t\t\t\t\t\t<p><em>&#8222;meine-mietgarage.at&#8220;<\/em> ist ein Angebot der <br \/><strong>Rupert Melmer GmbH<\/strong><br \/>Industriezone 60<br \/>A-6460 Imst<\/p>\t\t\t\t\t\t\t\t<\/div>\n\t\t\t\t<\/div>\n\t\t\t\t\t<\/div>\n\t\t<\/div>\n\t\t\t\t<div class=\"elementor-column elementor-col-50 elementor-inner-column elementor-element elementor-element-4026975\" data-id=\"4026975\" data-element_type=\"column\" data-e-type=\"column\">\n\t\t\t<div class=\"elementor-widget-wrap elementor-element-populated\">\n\t\t\t\t\t\t<div class=\"elementor-element elementor-element-f06ced3 elementor-widget elementor-widget-text-editor\" data-id=\"f06ced3\" data-element_type=\"widget\" data-e-type=\"widget\" data-widget_type=\"text-editor.default\">\n\t\t\t\t<div class=\"elementor-widget-container\">\n\t\t\t\t\t\t\t\t\t<p>Tel.: +43 5412 6674 0<br \/>Fax: +43 5412 65257<br \/>E-Mail: <strong><span style=\"text-decoration: underline;\"><a href=\"mailto:hallo@meine-mietgarage.at\">hallo@meine-mietgarage.at<\/a><\/span><\/strong><\/p>\t\t\t\t\t\t\t\t<\/div>\n\t\t\t\t<\/div>\n\t\t\t\t\t<\/div>\n\t\t<\/div>\n\t\t\t\t\t<\/div>\n\t\t<\/section>\n\t\t\t\t<div class=\"elementor-element elementor-element-eb70a66 elementor-widget elementor-widget-spacer\" data-id=\"eb70a66\" data-element_type=\"widget\" data-e-type=\"widget\" data-widget_type=\"spacer.default\">\n\t\t\t\t<div class=\"elementor-widget-container\">\n\t\t\t\t\t\t\t<div class=\"elementor-spacer\">\n\t\t\t<div class=\"elementor-spacer-inner\"><\/div>\n\t\t<\/div>\n\t\t\t\t\t\t<\/div>\n\t\t\t\t<\/div>\n\t\t\t\t<div class=\"elementor-element elementor-element-385354f elementor-widget elementor-widget-text-editor\" data-id=\"385354f\" data-element_type=\"widget\" data-e-type=\"widget\" data-widget_type=\"text-editor.default\">\n\t\t\t\t<div class=\"elementor-widget-container\">\n\t\t\t\t\t\t\t\t\t<div class=\"textblock\"><div class=\"title\"><h4>UNTERNEHMENSGEGENSTAND DER GMBH &amp; CO. KG<\/h4><\/div><div class=\"text\"><ol><li>Beteiligung an anderen Unternehmen.<\/li><li>Die Vermietung von Lagerfl\u00e4chen<\/li><\/ol><p>UID-Nummer:\u00a0\u00a0<br \/>Firmenbuchnummer: FN 268318 k<br \/>Firmenbuchgericht: Landesgericht Innsbruck<\/p><\/div><\/div><div class=\"textblock\"><div class=\"title\"><h4>\u00a0<\/h4><h4>FIRMENSITZ<\/h4><\/div><div class=\"text\"><p>Industriezone 60, 6460 Imst \u00d6sterreich<br \/>Tel. +43 5412 66744 0<br \/>Fax +43 5412 65257<br \/><span style=\"text-decoration: underline;\"><a title=\"Wir beraten Sie gerne und finden individuelle L\u00f6sungen. \">office@silo-melmer.at<\/a><\/span><br \/><span style=\"text-decoration: underline;\"><a title=\"Silo Melmer - Fr\u00e4chter aus Leidenschaft in Imst, Tirol\" href=\"https:\/\/www.silo-melmer.at\/\" target=\"_blank\" rel=\"noopener\">www.silo-melmer.at<\/a><\/span><\/p><\/div><\/div><div class=\"textblock\"><div class=\"title\"><h4>\u00a0<\/h4><h4>GEWERBEORDNUNG<\/h4><\/div><div class=\"text\"><p>www.ris.bka.gv.at<br \/>Aufsichtsbeh\u00f6rde: Bezirkshauptmannschaft Imst<\/p><p>Gesch\u00e4ftsf\u00fchrer der GmbH: Herr Simon Melmer<\/p><p>Pers\u00f6nlich haftender Gesellschafter der GmbH:\u00a0<br \/>Herr Rupert Melmer<br \/>Herr Simon Melmer<\/p><p>Mitglied der Wirtschaftskammer Tirol<\/p><\/div><\/div><div class=\"textblock\"><div class=\"title\"><h4>\u00a0<\/h4><h4>BILDNACHWEIS<\/h4><p>Silo Melmer<\/p><div class=\"title\"><h4>\u00a0<\/h4><h4>KONZEPT, PROGRAMMIERUNG, UND UMSETZUNG<\/h4><\/div><div class=\"text\"><p>dikom digitalagentur<br \/>Jan Alexander Kunert, MSc<br \/><span style=\"text-decoration: underline;\"><a title=\"digitalagentur Imst\" href=\"https:\/\/www.dikom.at\/\" target=\"_blank\" rel=\"noopener\">www.dikom.at<\/a><\/span><\/p><p>Tel.: +43 660 7404492<br \/>E-Mail:\u00a0<span style=\"text-decoration: underline;\"><a href=\"mailto:mail@dikom.at\">mail@dikom.at<\/a><\/span><\/p><\/div><\/div><div class=\"textblock\"><div class=\"title\"><h3>\u00a0<\/h3><h4>HAFTUNGSAUSSCHLUSS<\/h4><\/div><div class=\"text\"><p>Der Dienstanbieter \u00fcbernimmt keinerlei Gew\u00e4hr f\u00fcr die bereitgestellten Informationen. Haftungsanspr\u00fcche jeglicher Art aufgrund der vorliegenden Inhalte sind ausgeschlossen. Ebenso wird f\u00fcr externe Links keine Haftung \u00fcbernommen. F\u00fcr den Inhalt der verlinkten Seiten sind ausschlie\u00dflich deren Betreiber verantwortlich.<\/p><\/div><\/div><div class=\"textblock\"><div class=\"title\"><h4>\u00a0<\/h4><h4>RECHTSBELEHRUNG UND URHEBERRECHT<\/h4><\/div><div class=\"text\"><p>Das Verwenden oder die Vervielf\u00e4ltigung von Informationen und Daten z.B. (Zeichnungen, Bilder, Texte) bedarf einer ausdr\u00fccklichen vorherigen schriftlichen Genehmigung bzw. Zustimmung des Herausgebers. Die Informationen sowie Angaben auf unserer Webseite wurden sorgf\u00e4ltig gepr\u00fcft und recherchiert. Diese stellen allerdings nur einen Service dar und ersetzen nicht eine pers\u00f6nliche Beratung! F\u00fcr Aktualit\u00e4t, Richtigkeit und Vollst\u00e4ndigkeit \u00fcbernimmt der Herausgeber keinerlei Haftung. Im \u00dcbrigen ist die Haftung auf Vorsatz und grobe Fahrl\u00e4ssigkeit beschr\u00e4nkt. Das Recht, \u00c4nderungen und Erg\u00e4nzungen an den bereitgestellten Informationen vorzunehmen, beh\u00e4lt sich der Herausgeber ausdr\u00fccklich vor.<\/p><\/div><\/div><div class=\"textblock\"><div class=\"title\"><h4>\u00a0<\/h4><h4>HAFTUNGSHINWEIS F\u00dcR INHALTE DIESER SEITE<\/h4><\/div><div class=\"text\"><p>Wir entwickeln die Inhalte dieser Webseite st\u00e4ndig weiter und bem\u00fchen uns korrekte und aktuelle Informationen bereitzustellen. Leider k\u00f6nnen wir keine Haftung f\u00fcr die Korrektheit aller Inhalte auf dieser Webseite \u00fcbernehmen, speziell f\u00fcr jene die seitens Dritter bereitgestellt wird. Sollten Ihnen problematische oder rechtswidrige Inhalte auffallen, bitten wir Sie, uns umgehend zu kontaktieren. Sie finden die Kontaktdaten im Impressum.<\/p><\/div><\/div><div class=\"textblock\"><div class=\"title\"><h4>\u00a0<\/h4><h4>HAFTUNGSHINWEIS F\u00dcR LINKS AUF DIESER SEITE<\/h4><\/div><div class=\"text\"><p>Unsere Webseite enth\u00e4lt Links zu anderen Webseiten f\u00fcr deren Inhalt wir nicht verantwortlich sind. Wenn Ihnen rechtswidrige Links auf unserer Webseite auffallen, bitte wir Sie, uns zu kontakieren.\u00a0Sie finden die Kontaktdaten im Impressum.<\/p><\/div><\/div><div class=\"textblock\"><div class=\"title\"><h4>\u00a0<\/h4><h4>DATENSCHUTZ<\/h4><\/div><div class=\"text\"><p>Informationen zum Datenschutz finden Sie in unserer\u00a0<a href=\"\/datenschutz\/\"><span style=\"text-decoration: underline;\">Datenschutzerkl\u00e4rung<\/span>.<\/a><\/p><\/div><\/div><\/div>\t\t\t\t\t\t\t\t<\/div>\n\t\t\t\t<\/div>\n\t\t\t\t\t<\/div>\n\t\t<\/div>\n\t\t\t\t\t<\/div>\n\t\t<\/section>\n\t\t\t\t<section class=\"elementor-section elementor-top-section elementor-element elementor-element-6eb8a33 elementor-section-boxed elementor-section-height-default elementor-section-height-default\" data-id=\"6eb8a33\" data-element_type=\"section\" data-e-type=\"section\">\n\t\t\t\t\t\t<div class=\"elementor-container elementor-column-gap-default\">\n\t\t\t\t\t<div class=\"elementor-column elementor-col-100 elementor-top-column elementor-element elementor-element-c07bc80\" data-id=\"c07bc80\" data-element_type=\"column\" data-e-type=\"column\">\n\t\t\t<div class=\"elementor-widget-wrap elementor-element-populated\">\n\t\t\t\t\t\t<div class=\"elementor-element elementor-element-ce6e204 elementor-widget elementor-widget-spacer\" data-id=\"ce6e204\" data-element_type=\"widget\" data-e-type=\"widget\" data-widget_type=\"spacer.default\">\n\t\t\t\t<div class=\"elementor-widget-container\">\n\t\t\t\t\t\t\t<div class=\"elementor-spacer\">\n\t\t\t<div class=\"elementor-spacer-inner\"><\/div>\n\t\t<\/div>\n\t\t\t\t\t\t<\/div>\n\t\t\t\t<\/div>\n\t\t\t\t\t<\/div>\n\t\t<\/div>\n\t\t\t\t\t<\/div>\n\t\t<\/section>\n\t\t\t\t<\/div>\n\t\t","protected":false},"excerpt":{"rendered":"<p>Impressum &#8222;meine-mietgarage.at&#8220; ist ein Angebot der Rupert Melmer GmbHIndustriezone 60A-6460 Imst Tel.: +43 5412 6674 0Fax: +43 5412 65257E-Mail: hallo@meine-mietgarage.at UNTERNEHMENSGEGENSTAND DER GMBH &amp; CO. KG Beteiligung an anderen Unternehmen. Die Vermietung von Lagerfl\u00e4chen UID-Nummer:\u00a0\u00a0Firmenbuchnummer: FN 268318 kFirmenbuchgericht: Landesgericht Innsbruck \u00a0 FIRMENSITZ Industriezone 60, 6460 Imst \u00d6sterreichTel. +43 5412 66744 0Fax +43 5412 65257office@silo-melmer.atwww.silo-melmer.at \u00a0 [&hellip;]<\/p>\n","protected":false},"author":1,"featured_media":0,"parent":0,"menu_order":0,"comment_status":"closed","ping_status":"closed","template":"elementor_header_footer","meta":{"footnotes":""},"class_list":["post-533","page","type-page","status-publish","hentry"],"_links":{"self":[{"href":"https:\/\/meine-mietgarage.at\/index.php\/wp-json\/wp\/v2\/pages\/533","targetHints":{"allow":["GET"]}}],"collection":[{"href":"https:\/\/meine-mietgarage.at\/index.php\/wp-json\/wp\/v2\/pages"}],"about":[{"href":"https:\/\/meine-mietgarage.at\/index.php\/wp-json\/wp\/v2\/types\/page"}],"author":[{"embeddable":true,"href":"https:\/\/meine-mietgarage.at\/index.php\/wp-json\/wp\/v2\/users\/1"}],"replies":[{"embeddable":true,"href":"https:\/\/meine-mietgarage.at\/index.php\/wp-json\/wp\/v2\/comments?post=533"}],"version-history":[{"count":14,"href":"https:\/\/meine-mietgarage.at\/index.php\/wp-json\/wp\/v2\/pages\/533\/revisions"}],"predecessor-version":[{"id":707,"href":"https:\/\/meine-mietgarage.at\/index.php\/wp-json\/wp\/v2\/pages\/533\/revisions\/707"}],"wp:attachment":[{"href":"https:\/\/meine-mietgarage.at\/index.php\/wp-json\/wp\/v2\/media?parent=533"}],"curies":[{"name":"wp","href":"https:\/\/api.w.org\/{rel}","templated":true}]}}

<div data-elementor-type="wp-page" data-elementor-id="533" class="elementor elementor-533" data-elementor-post-type="page">
						<section class="elementor-section elementor-top-section elementor-element elementor-element-26140ca0 elementor-section-boxed elementor-section-height-default elementor-section-height-default" data-id="26140ca0" data-element_type="section" data-e-type="section">
						<div class="elementor-container elementor-column-gap-default">
					<div class="elementor-column elementor-col-100 elementor-top-column elementor-element elementor-element-fb2d104" data-id="fb2d104" data-element_type="column" data-e-type="column">
			<div class="elementor-widget-wrap elementor-element-populated">
						<div class="elementor-element elementor-element-d6ed922 elementor-widget elementor-widget-heading" data-id="d6ed922" data-element_type="widget" data-e-type="widget" data-widget_type="heading.default">
				<div class="elementor-widget-container">
					<h2 class="elementor-heading-title elementor-size-default">Impressum</h2>				</div>
				</div>
				<section class="elementor-section elementor-inner-section elementor-element elementor-element-18f7d95 elementor-section-boxed elementor-section-height-default elementor-section-height-default" data-id="18f7d95" data-element_type="section" data-e-type="section">
						<div class="elementor-container elementor-column-gap-default">
					<div class="elementor-column elementor-col-50 elementor-inner-column elementor-element elementor-element-b3b8bde" data-id="b3b8bde" data-element_type="column" data-e-type="column">
			<div class="elementor-widget-wrap elementor-element-populated">
						<div class="elementor-element elementor-element-282941b elementor-widget elementor-widget-text-editor" data-id="282941b" data-element_type="widget" data-e-type="widget" data-widget_type="text-editor.default">
				<div class="elementor-widget-container">
									<p><em>&#8222;meine-mietgarage.at&#8220;</em> ist ein Angebot der <br /><strong>Rupert Melmer GmbH</strong><br />Industriezone 60<br />A-6460 Imst</p>								</div>
				</div>
					</div>
		</div>
				<div class="elementor-column elementor-col-50 elementor-inner-column elementor-element elementor-element-4026975" data-id="4026975" data-element_type="column" data-e-type="column">
			<div class="elementor-widget-wrap elementor-element-populated">
						<div class="elementor-element elementor-element-f06ced3 elementor-widget elementor-widget-text-editor" data-id="f06ced3" data-element_type="widget" data-e-type="widget" data-widget_type="text-editor.default">
				<div class="elementor-widget-container">
									<p>Tel.: +43 5412 6674 0<br />Fax: +43 5412 65257<br />E-Mail: <strong><span style="text-decoration: underline;"><a href="mailto:hallo@meine-mietgarage.at">hallo@meine-mietgarage.at</a></span></strong></p>								</div>
				</div>
					</div>
		</div>
					</div>
		</section>
				<div class="elementor-element elementor-element-eb70a66 elementor-widget elementor-widget-spacer" data-id="eb70a66" data-element_type="widget" data-e-type="widget" data-widget_type="spacer.default">
				<div class="elementor-widget-container">
							<div class="elementor-spacer">
			<div class="elementor-spacer-inner"></div>
		</div>
						</div>
				</div>
				<div class="elementor-element elementor-element-385354f elementor-widget elementor-widget-text-editor" data-id="385354f" data-element_type="widget" data-e-type="widget" data-widget_type="text-editor.default">
				<div class="elementor-widget-container">
									<div class="textblock"><div class="title"><h4>UNTERNEHMENSGEGENSTAND DER GMBH &amp; CO. KG</h4></div><div class="text"><ol><li>Beteiligung an anderen Unternehmen.</li><li>Die Vermietung von Lagerflächen</li></ol><p>UID-Nummer:  <br />Firmenbuchnummer: FN 268318 k<br />Firmenbuchgericht: Landesgericht Innsbruck</p></div></div><div class="textblock"><div class="title"><h4> </h4><h4>FIRMENSITZ</h4></div><div class="text"><p>Industriezone 60, 6460 Imst Österreich<br />Tel. +43 5412 66744 0<br />Fax +43 5412 65257<br /><span style="text-decoration: underline;"><a title="Wir beraten Sie gerne und finden individuelle Lösungen. ">office@silo-melmer.at</a></span><br /><span style="text-decoration: underline;"><a title="Silo Melmer - Frächter aus Leidenschaft in Imst, Tirol" href="https://www.silo-melmer.at/" target="_blank" rel="noopener">www.silo-melmer.at</a></span></p></div></div><div class="textblock"><div class="title"><h4> </h4><h4>GEWERBEORDNUNG</h4></div><div class="text"><p>www.ris.bka.gv.at<br />Aufsichtsbehörde: Bezirkshauptmannschaft Imst</p><p>Geschäftsführer der GmbH: Herr Simon Melmer</p><p>Persönlich haftender Gesellschafter der GmbH: <br />Herr Rupert Melmer<br />Herr Simon Melmer</p><p>Mitglied der Wirtschaftskammer Tirol</p></div></div><div class="textblock"><div class="title"><h4> </h4><h4>BILDNACHWEIS</h4><p>Silo Melmer</p><div class="title"><h4> </h4><h4>KONZEPT, PROGRAMMIERUNG, UND UMSETZUNG</h4></div><div class="text"><p>dikom digitalagentur<br />Jan Alexander Kunert, MSc<br /><span style="text-decoration: underline;"><a title="digitalagentur Imst" href="https://www.dikom.at/" target="_blank" rel="noopener">www.dikom.at</a></span></p><p>Tel.: +43 660 7404492<br />E-Mail: <span style="text-decoration: underline;"><a href="mailto:mail@dikom.at">mail@dikom.at</a></span></p></div></div><div class="textblock"><div class="title"><h3> </h3><h4>HAFTUNGSAUSSCHLUSS</h4></div><div class="text"><p>Der Dienstanbieter übernimmt keinerlei Gewähr für die bereitgestellten Informationen. Haftungsansprüche jeglicher Art aufgrund der vorliegenden Inhalte sind ausgeschlossen. Ebenso wird für externe Links keine Haftung übernommen. Für den Inhalt der verlinkten Seiten sind ausschließlich deren Betreiber verantwortlich.</p></div></div><div class="textblock"><div class="title"><h4> </h4><h4>RECHTSBELEHRUNG UND URHEBERRECHT</h4></div><div class="text"><p>Das Verwenden oder die Vervielfältigung von Informationen und Daten z.B. (Zeichnungen, Bilder, Texte) bedarf einer ausdrücklichen vorherigen schriftlichen Genehmigung bzw. Zustimmung des Herausgebers. Die Informationen sowie Angaben auf unserer Webseite wurden sorgfältig geprüft und recherchiert. Diese stellen allerdings nur einen Service dar und ersetzen nicht eine persönliche Beratung! Für Aktualität, Richtigkeit und Vollständigkeit übernimmt der Herausgeber keinerlei Haftung. Im Übrigen ist die Haftung auf Vorsatz und grobe Fahrlässigkeit beschränkt. Das Recht, Änderungen und Ergänzungen an den bereitgestellten Informationen vorzunehmen, behält sich der Herausgeber ausdrücklich vor.</p></div></div><div class="textblock"><div class="title"><h4> </h4><h4>HAFTUNGSHINWEIS FÜR INHALTE DIESER SEITE</h4></div><div class="text"><p>Wir entwickeln die Inhalte dieser Webseite ständig weiter und bemühen uns korrekte und aktuelle Informationen bereitzustellen. Leider können wir keine Haftung für die Korrektheit aller Inhalte auf dieser Webseite übernehmen, speziell für jene die seitens Dritter bereitgestellt wird. Sollten Ihnen problematische oder rechtswidrige Inhalte auffallen, bitten wir Sie, uns umgehend zu kontaktieren. Sie finden die Kontaktdaten im Impressum.</p></div></div><div class="textblock"><div class="title"><h4> </h4><h4>HAFTUNGSHINWEIS FÜR LINKS AUF DIESER SEITE</h4></div><div class="text"><p>Unsere Webseite enthält Links zu anderen Webseiten für deren Inhalt wir nicht verantwortlich sind. Wenn Ihnen rechtswidrige Links auf unserer Webseite auffallen, bitte wir Sie, uns zu kontakieren. Sie finden die Kontaktdaten im Impressum.</p></div></div><div class="textblock"><div class="title"><h4> </h4><h4>DATENSCHUTZ</h4></div><div class="text"><p>Informationen zum Datenschutz finden Sie in unserer <a href="/datenschutz/"><span style="text-decoration: underline;">Datenschutzerklärung</span>.</a></p></div></div></div>								</div>
				</div>
					</div>
		</div>
					</div>
		</section>
				<section class="elementor-section elementor-top-section elementor-element elementor-element-6eb8a33 elementor-section-boxed elementor-section-height-default elementor-section-height-default" data-id="6eb8a33" data-element_type="section" data-e-type="section">
						<div class="elementor-container elementor-column-gap-default">
					<div class="elementor-column elementor-col-100 elementor-top-column elementor-element elementor-element-c07bc80" data-id="c07bc80" data-element_type="column" data-e-type="column">
			<div class="elementor-widget-wrap elementor-element-populated">
						<div class="elementor-element elementor-element-ce6e204 elementor-widget elementor-widget-spacer" data-id="ce6e204" data-element_type="widget" data-e-type="widget" data-widget_type="spacer.default">
				<div class="elementor-widget-container">
							<div class="elementor-spacer">
			<div class="elementor-spacer-inner"></div>
		</div>
						</div>
				</div>
					</div>
		</div>
					</div>
		</section>
				</div>

<p>Impressum &#8222;meine-mietgarage.at&#8220; ist ein Angebot der Rupert Melmer GmbHIndustriezone 60A-6460 Imst Tel.: +43 5412 6674 0Fax: +43 5412 65257E-Mail: hallo@meine-mietgarage.at UNTERNEHMENSGEGENSTAND DER GMBH &amp; CO. KG Beteiligung an anderen Unternehmen. Die Vermietung von Lagerflächen UID-Nummer:  Firmenbuchnummer: FN 268318 kFirmenbuchgericht: Landesgericht Innsbruck   FIRMENSITZ Industriezone 60, 6460 Imst ÖsterreichTel. +43 5412 66744 0Fax +43 5412 65257office@silo-melmer.atwww.silo-melmer.at   [&hellip;]</p>
